6*d + 2*h = 2*d + 94, 2*d - 3*h - 51 = 0. Calculate the greatest common factor of 48 and d.
24
Suppose 0*j + 4*j + 18 = 2*y, -4*y + 22 = -j. Let m(w) = -2 + 10 + y + w. Let b be m(-10). Calculate the greatest common divisor of b and 27.
3
Suppose -3*z + 2*z + 2*k = -24, -153 = -5*z - k. Calculate the greatest common divisor of z and 10.
10
Suppose -4*f + 0*f = -16. Suppose -y + 0 = f*a - 1, 19 = 4*y + a. Let h = 18 + -13. What is the highest common factor of y and h?
5
Let y be (64/(-20))/(2/(-10)). Suppose 0 = -3*g - 0*g + 21. Let o = y - g. What is the highest common factor of o and 36?
9
Suppose -q = -2*q - 35. Let t be q/10 - 2/(-4). Let y be 8 - t/(1*-3). Calculate the greatest common divisor of y and 28.
7
Suppose -606 = -4*b - 3*x, 130 + 333 = 3*b - 2*x. Calculate the greatest common divisor of 17 and b.
17
Let d = -1 - -3. Suppose -14 = -l + f + d*f, -4*l = -f - 56. Let x(y) = y + 12. Let u be x(-10). What is the highest common divisor of l and u?
2
Let u = 0 + 4. What is the greatest common divisor of u and 10?
2
Suppose 0 = 3*x - 61 + 10. Suppose -5*j + 578 = -4*s - 345, j - 175 = 4*s. Calculate the greatest common divisor of x and j.
17
Let k be (-16)/10 - 8/20. Let x be (k + 6/4)*80. Let z = 10 - x. What is the greatest common divisor of 20 and z?
10
Suppose -2*w = 5*x + 12 + 1, 5*x = 3*w + 32. Let o be 2/w + 303/27. What is the highest common factor of o and 11?
11
Suppose 0 = 5*p - 47 - 18. What is the greatest common factor of p and 52?
13
Let g(t) = 14*t. Let b be g(6). Calculate the highest common factor of 12 and b.
12
Suppose 2*u = -3*i - u + 297, 97 = i + 3*u. Calculate the greatest common divisor of 20 and i.
20
Let j = 12 - -13. Calculate the greatest common divisor of j and 100.
25
Let d(p) = -7*p - 7 + 6 + 0*p - p**2. Let k be d(-6). What is the greatest common factor of k and 30?
5
Let c(f) = 3*f - 3. Let y be c(4). Let x = 69 - y. Suppose d = -d + x. What is the highest common divisor of d and 5?
5
Let d be (2/6)/((-9)/(-1053)). What is the greatest common factor of d and 6?
3
Let m(o) = 2*o**2 + 3*o - 6. Let w be m(-4). What is the highest common factor of 42 and w?
14
Let v = -37 + 39. Let k be (-2)/(-3) + 7/3. What is the highest common divisor of k and v?
1
Let m(l) = 2*l**3 - 2. Let w be m(2). Let k be 3 - (w*-1)/2. Suppose -2*h = h - 210. Calculate the highest common divisor of h and k.
10
Suppose -4*b + 2*b + 90 = 0. Suppose 2*y + 3*y - b = 0. Let m(c) = 3*c - 9. Let z be m(y). What is the highest common factor of z and 27?
9
Let v = 12 + -10. Calculate the greatest common divisor of v and 3.
1
Suppose 40 = -0*p + 4*p. Suppose 19 = z + p. Calculate the greatest common divisor of z and 9.
9
Let j(h) = h**3 - 4*h**2 + 2. Let o be j(5). Let d = 40 - o. Suppose 0 = -5*c + 244 + 276. What is the greatest common factor of d and c?
13
Let s = -11 - -8. Let k(i) be the third derivative of i**5/60 + i**4/24 + i**3/2 - 4*i**2. Let w be k(s). Calculate the highest common factor of 36 and w.
9
Let o = -4 - -7. Suppose 5*c - 88 = 3*q + 41, -3 = q. What is the greatest common divisor of c and o?
3
Let j be ((-8)/6)/(3/(-90)*1). Calculate the greatest common divisor of 100 and j.
20
Let k(g) be the second derivative of g**3/3 + 2*g. Let l be k(6). Let d be (21/12)/(1/l). Calculate the highest common divisor of d and 3.
3
Let d(s) = -s**2 + 7*s - 5. Let p = 0 + 4. Let z be d(p). What is the highest common factor of z and 35?
7
Let q(z) = z + 11. Suppose v + 12 - 5 = 0. Let u be q(v). What is the greatest common divisor of u and 12?
4
Suppose 11 - 31 = -5*z. Suppose -6*k + 36 = -2*k - 4*r, -4*k + 41 = -5*r. What is the highest common factor of k and z?
4
Suppose -3*f - 43 = -v + 16, 3*v - 4*f = 157. Let l be 67 + 2 + 1 + -5. Let q = l + v. Calculate the greatest common divisor of q and 14.
14
Let h = 3 - 1. Let q be (-36)/(-15) + h/(-5). Suppose q*c - 130 = c. What is the greatest common factor of c and 13?
13
Let p = 39 + 87. What is the highest common factor of p and 14?
14
Suppose 5*i = 11 + 69. Calculate the highest common factor of i and 48.
16
Let z = 10 - -6. What is the highest common factor of z and 16?
16
Suppose -4*y + 4 = -f - 9*y, 3*f - 28 = 5*y. What is the greatest common divisor of 54 and f?
6
Let t(l) = -l**2 + 4. Let k be t(0). Suppose 19 + 33 = k*h. Calculate the highest common divisor of 143 and h.
13
Let x be 862/6 + (-8)/(-24). Calculate the greatest common divisor of 18 and x.
18
Suppose w + 5*p = 4*w - 37, 2*p - 30 = -2*w. What is the greatest common divisor of w and 7?
7
Let k = 53 - 38. What is the highest common divisor of 10 and k?
5
Let b be 60/45*51/2. Suppose 17 = 2*a - 17. What is the greatest common factor of b and a?
17
Let m = 7 - -5. What is the greatest common divisor of m and 4?
4
Let s(l) = 4*l**2 - 5*l + 6. Let t be s(7). Suppose 3*u - 85 - t = 0. Calculate the highest common divisor of u and 12.
12
Let c = 1 + 1. Suppose -2*b = -b - 4. Suppose 0 = x + x - b. What is the greatest common factor of x and c?
2
Let l be 99/(0 + -2 - -3). Let t be ((-3)/(-9))/(1/27). What is the greatest common divisor of t and l?
9
Suppose -30 = 5*m - 0*m. Let g = m - -17. What is the highest common factor of g and 11?
11
Suppose 50 - 1 = 2*k + 5*o, -k = -4*o - 18. What is the greatest common factor of k and 55?
11
Suppose 0 = -5*l + 22 + 8. Calculate the greatest common factor of l and 6.
6
Let k = 29 - 17. What is the highest common factor of 16 and k?
4
Let s(o) = 9*o - 15. Let f be s(4). Calculate the greatest common factor of 189 and f.
21
Let n = -28 - -31. What is the greatest common divisor of n and 9?
3
Suppose 4*g + 14 = 6*g. Let q be (-2)/7 + 44/g. What is the greatest common divisor of q and 4?
2
Suppose 0 = -u - 2*y - 4, -u - 3*y = -8*y + 4. Let a be 2/u + 22/4. Suppose 2*h + 85 = 3*n - 7, -n = a*h - 42. Calculate the highest common factor of 8 and n.
8
Let y(p) = -8*p**3 - p**2 + 1. Let i be y(-1). Let c be (0/(-2))/((-3)/3). Let g = c + 12. Calculate the highest common factor of g and i.
4
Let y = 5 - 0. Suppose 0*u + 300 = y*u. Suppose 0 = -5*w, 3*d - u = -0*d - 2*w. What is the greatest common divisor of 4 and d?
4
Let f = 131 + -61. Suppose -5*y + 4*z = -58, 0*z = -4*y + 3*z + 47. What is the greatest common divisor of y and f?
14
Let g = -61 + 73. Calculate the greatest common divisor of g and 36.
12
Let k = -6 + 11. Let f = 10 - k. Suppose -3*r - 13 = -6*r + f*i, 0 = -4*r - 5*i + 29. Calculate the highest common factor of 3 and r.
3
Let n be ((-54)/18)/(3/(-22)). What is the highest common divisor of n and 77?
11
Suppose -2 = 2*d - 12, 3*d = 5*g - 45. Calculate the highest common factor of g and 48.
12
Let d = 97 - 41. Calculate the greatest common factor of 14 and d.
14
Suppose a + 6 = 8. Suppose 28 = a*h + 4*v, v - 30 = -2*h - 8. Calculate the highest common divisor of h and 25.
5
Let s be ((-4)/5*3)/(23/(-690)). Calculate the greatest common factor of s and 9.
9
Let r be (-3)/(-2)*8/6. Suppose x - 17 = w, 2*x - 5 = -4*w + 47. Calculate the highest common divisor of x and r.
2
Suppose 76 = o - m, 2*m - 3*m = 3*o - 244. Calculate the greatest common factor of 16 and o.
16
Suppose 2*i = -8 + 138. Let m = 31 - 18. What is the greatest common factor of m and i?
13
Let m(t) = 1. Let o(z) = -z**2 + 7*z + 2. Let u(n) = -6*m(n) + o(n). Let f be u(4). What is the greatest common divisor of f and 32?
8
Suppose -3*z = 5*i - 268, -5*i + 3*z + 236 = -i. What is the highest common factor of i and 14?
14
Suppose -2*f = 10, -11 = -5*a - 4*f + 9. Let q be (-102)/4*(-1 + 3). Let r = 91 + q. Calculate the greatest common divisor of a and r.
8
Suppose 4*b = 2*b + 24. Let q(g) = 2*g**3 - 2*g**2 + g - 3. Let h be q(3). What is the highest common factor of h and b?
12
Suppose -16 = 4*b + 36. Let o = b + 4. Let x(t) = t**2 - 5*t - 9. Let n be x(o). Calculate the highest common factor of n and 13.
13
Let o be 1/(-4) + (-18)/(-8). Calculate the greatest common factor of o and 6.
2
Let f = 32 + -47. Suppose 0 = h - 53 + 273. Let x be h/(-6)*(-54)/f. What is the greatest common factor of x and 12?
12
Let g = 1 - -2. Suppose 5*w = -5*p + w + 123, p = -g*w + 18. Calculate the greatest common factor of p and 3.
3
Let r be (((-2)/(-7))/(-1))/((-69)/483). Calculate the highest common factor of 14 and r.
2
Let c(z) 